e (3 - 3)*(-2)/(-4). Suppose d*t = 4*t - 1340. Is t a composite number?
True
Let c(j) = 10058*j**2 + 9*j - 8. Let b be c(1). Suppose 4*t + 5*r = t + b, -t = -3*r - 3353. Is t a composite number?
True
Let z(n) = -n**2 + 20*n - 24 + 5 + 18*n + 5. Is z(15) a prime number?
True
Suppose -f - 3*y + 9 = -y, 0 = 5*y - 20. Let n be ((-1 - f) + -4)*-1. Is ((-1119)/(-9))/(2/n) prime?
True
Suppose -j - 21 = -4*a + 4*j, 0 = -3*a - 5*j + 42. Suppose -a*t - 580 = -13*t. Is t a composite number?
True
Let c = 29 + -11. Suppose c + 289 = l. Is l a prime number?
True
Let w be ((-54)/12)/(9/(-12)). Let i be 4/(0 - 3/(-6)). Let p = w + i. Is p a composite number?
True
Let d = -2416 + 5183. Is d prime?
True
Suppose 2*p + 3*p = -20, -7 = w + 4*p. Suppose w*f - 7*f = 1772. Suppose r = -r + f. Is r a composite number?
False
Let c = -7 + 15. Suppose -4*b - c - 12 = 0. Let y(x) = -30*x + 7. Is y(b) a composite number?
False
Suppose -x - 1 = -2. Suppose -2*i + 19 = -x. Is i a prime number?
False
Suppose -28 = -2*o - 5*b, -5*o + 3*b = b - 12. Suppose 3*t = -4*u - u + 64, -o*u - 44 = -t. Let n = 7 + t. Is n composite?
True
Let k = 140 + -313. Is 3 - (k + (1 + 0 - 4)) prime?
True
Let t be 8 - 1 - (4 - 2). Let l be -2 + t - 7/7. Suppose 0 = z - 5*z, -5*n - l*z + 35 = 0. Is n composite?
False
Let a = -70 + 6147. Is a a composite number?
True
Let y(u) be the first derivative of -27/2*u**2 + 2 - 13*u. Is y(-10) a prime number?
True
Suppose -20*s = s - 11697. Is s a composite number?
False
Suppose 10*h - 5*h = 2*s + 16, 3*s = 3*h - 15. Suppose -3*t - 4*a + 7 = -19, 14 = h*t + 2*a. Suppose -t*l + 2*y + 261 = -l, 0 = 3*y + 12. Is l prime?
False
Let t(f) = -4*f + 3 + f + 3*f + f**2 - 2*f. Let c be t(2). Suppose 0 = 4*n - 0*r + 3*r - 1163, c*n = -r + 866. Is n a composite number?
True
Let u = 5322 + -1544. Is u a composite number?
True
Suppose -71*c - 245879 = -90*c. Is c prime?
True
Suppose -5*p = -4*t + 17508 - 5306, -p = 2*t - 6108. Is t a prime number?
False
Let d(w) = -3*w + 32. Let n be d(10). Suppose -a + n + 203 = 0. Is a composite?
True
Suppose -3*b + 4*b = 761. Suppose -4*q + b = v, 3*q + 310 - 871 = -4*v. Is q a composite number?
False
Let v(d) = 6*d + 30. Let n be v(-5). Suppose n = 10*q - 9*q - 521. Is q prime?
True
Suppose 3*z - 4608 = 3*v, -5*v - 9726 = -4*z - 3587. Is z composite?
True
Let o be (70/(-21))/((-2)/3). Suppose a = m + 873, -o*a + 5*m + 4373 = 2*m. Is a a prime number?
True
Suppose 0*u - v = -4*u, -11 = u - 3*v. Is 32/(-56) + u + (-4540)/(-7) a composite number?
True
Suppose -3089 = 5*u - 80224. Is u a composite number?
False
Is 114634/30 - (-30)/(-225) prime?
True
Let g = -14315 + 27964. Is g a prime number?
True
Suppose -5*h + 0*h = -1030. Suppose 7 = -5*q + r + 25, -2*q - 2*r = 0. Suppose -q*d = -d - h. Is d composite?
False
Suppose -4*r - 3*g + 51268 = 0, 2*g + 18087 = 4*r - 33181. Is r composite?
True
Let y(w) = w**3 + 7*w**2 - 6*w - 5. Let c = -4 - 3. Let s be y(c). Let v = 88 - s. Is v composite?
True
Let k = 794 - -3369. Is k a composite number?
True
Suppose -6*g + 11*g - 740 = 0. Let t = 490 + g. Suppose 5*z + 142 = -d + 2*d, -5*d = -z - t. Is d prime?
True
Let n(m) = 465*m - 587. Is n(40) a composite number?
False
Let n = -7 - -2. Let j be -3 - 5/(n/177). Let v = j - -77. Is v prime?
True
Let f be (-664)/2*(-1)/1. Let n = f + -63. Is n a prime number?
True
Suppose -5*a = -b - 10204, -5*b = 3 + 17. Suppose 0*s - 4*z = 4*s - a, -2*s + 4*z = -996. Suppose 5*n = s + 3039. Is n composite?
False
Suppose 3*x - 7454 - 13525 = 2*v, 0 = 2*x - 2*v - 13984. Is x a prime number?
False
Suppose -4*z + 6300 = -4*w + 640, 2821 = 2*z - 5*w. Is z a composite number?
True
Suppose 0 = 4*i - 7246 - 3742. Is i a prime number?
False
Suppose 2*t + 2*t = 4*u + 16, -8 = -5*u - 2*t. Suppose u = -10*r + 425 + 485. Is r prime?
False
Let j be 14/4*(1 - (-39)/21). Is ((-466)/j + 4/(-10))*-3 prime?
False
Let v be (0 - 1)/(((-12)/(-567))/4). Let t = 898 - v. Is t a prime number?
True
Let s(r) be the first derivative of 311*r**5/120 - 4*r**3/3 - 1. Let w(b) be the third derivative of s(b). Is w(1) a prime number?
True
Let i(c) = 5 + 424*c + 309*c + 15*c. Let v(q) = 748*q + 6. Let r(h) = 5*i(h) - 4*v(h). Is r(1) prime?
False
Let s(q) be the first derivative of 48*q**4 - q**3/3 - q**2 + 2*q + 8. Is s(1) a composite number?
False
Let m = 932 + 4581. Suppose m = 9*v - 6754. Is v a prime number?
False
Let t(r) = 0*r**2 - r + 8*r**2 - 1 - 8*r**2 + 14*r**2. Let n be t(1). Is 1469/78 - (-2)/n prime?
True
Suppose -5*t - 2*b = -33920, -2*t + b = 5*b - 13584. Is t a composite number?
True
Suppose -43*q + 1060196 = 195595. Is q prime?
True
Let b(a) = 18*a**3 + 6*a**2 + 13*a - 11. Let g be b(8). Suppose 6*o + g = 15*o. Is o prime?
False
Let d(o) = -46*o + 3. Let z(p) = 137*p - 8. Let a(y) = -7*d(y) - 2*z(y). Let l(j) = 4*j**2 + 2*j + 2. Let s be l(-1). Is a(s) a prime number?
False
Suppose 0 = -413*i + 437*i - 14712. Is i composite?
False
Suppose -x + 5*w = -2*x + 10297, -41188 = -4*x - 2*w. Is x prime?
False
Suppose -w = -15 - 2. Let v = w + 22. Is v a composite number?
True
Suppose 3*i = -3*f + f + 1104, 4*f + 2*i - 2200 = 0. Let b = f - 280. Is b a prime number?
True
Suppose -2*s = 4, -418 = -3*h - s + 771. Is h a composite number?
False
Suppose -64*j + 195766 + 116170 = 0. Is j prime?
False
Suppose 2*d - 4*d + 2189 = -3*y, -5*y + 5460 = 5*d. Let s(w) = w + 2. Let l be s(3). Suppose -l*g + 4*v = -d, 4*g + v = -2*v + 862. Is g a prime number?
False
Let x = 11 + 1. Suppose 0*z + 3 = z - o, o + x = 4*z. Suppose 0 = 4*t + 5*d - 179, 0 = z*t + d - 3*d - 163. Is t a composite number?
True
Let w = 8173 + 14596. Is w composite?
False
Let s(w) = -11*w + 3043. Is s(0) prime?
False
Suppose 6*k - 149 = 5*k. Let i be -8 + 8 + (1 - -22). Suppose 22*v = i*v - k. Is v a prime number?
True
Let q(t) = 114*t**3 - 2*t**2 + 2*t - 1. Suppose 4*a - 16 = 2*n, 3*n + 3 + 3 = -3*a. Is q(a) a composite number?
False
Let f(k) = 34*k**2 - 4*k + 5. Let o be (18/(-12))/((-3)/8). Suppose -5*m - 20 = 0, -o*z + 5*m - 1 = -5. Is f(z) prime?
False
Is (-928458)/(-27)*15/10 composite?
False
Let u be 9/((-14)/4 + 2). Let d = -579 - -604. Let l = d - u. Is l prime?
True
Let u(n) = -n**3 - 19*n**2 + 20*n + 12. Let c be u(-20). Is 10*((0 - 1) + 2250/c) a prime number?
False
Let a = 11 + -11. Let f be 2/(a - -2)*0. Is (-1)/(-2)*(f - -12) prime?
False
Suppose 0 = -4*t + 4*n - 28, 5*t + 3*n = -16 - 11. Let q be (-2)/1*(t + 7). Is 3099/7 + q/(-7) a prime number?
True
Let k = 3162 - 683. Is k a composite number?
True
Suppose -3*s - 4 = -4*s. Suppose -w + 3*a = -0*a - 1050, -w + s*a = -1050. Suppose y + 2*y - 1405 = -4*c, -3*y + w = 3*c. Is c composite?
True
Let g = 12213 - 5714. Is g a prime number?
False
Let i = -70 - -100. Suppose 4*w - 3083 - 1483 = -5*y, 4*y - w = 3657. Is y/10 + (-12)/i composite?
True
Let r(p) = -7*p**2 - 3*p**2 + p**3 - 3 - 4*p + 0*p. Let d be r(11). Let q = -19 + d. Is q composite?
True
Let t = -14 - -12. Let r be -10 - -2*(-3)/t. Let w(j) = j**3 + 9*j**2 + 6*j + 3. Is w(r) a composite number?
False
Let x(u) = 1547*u - 610. Is x(16) composite?
True
Let o = -753 - -1365. Suppose -3*a + 0*a = 3*u - 606, -3*a - u + o = 0. Is a a prime number?
False
Suppose -44*g = 23*g - 718843. Is g a prime number?
True
Suppose -17*u + 9*u + 27416 = 0. Is u composite?
True
Let t(w) = 4*w**3 + 6*w**2 + 6*w - 17. Is t(8) a composite number?
True
Let u(v) = v**3 - v**2 + v + 996. Let s be -1 + -3 + 12/3. Let d be u(s). Is d/(-8)*(-4)/6 a prime number?
True
Let z(f) = f**3 + 20*f**2 + 17*f - 1. Let y be z(-17). Suppose -51*u + 52*u = y. Is u a composite number?
False
Let l = -3 + 10. Suppose l = q + j, -q + j + 3 = 6. Is q + 1165 + -2*1 a prime number?
False
Let p be 1/(((-2)/4)/(2049/6)). Let b = 1170 + p. Is b a prime number?
True
Suppose -29*u + 167949 = -20*u. Is u composite?
False
Suppose -4*o + 14670 + 11958 = 0. Suppose -5*j + 11095 = -5*t + t, o = 3*j - 5*t. Is j a prime number?
False
Let j be -4 + (-4 - -8 - 0). Suppose 5*s - 401 - 374 = j. Is s composite?
True
Is (6883 + 1)*(-70)/(-56) a composite number?
True
Let k(u) be the third derivative of -7*u**6/120 + u**4/24 - 5*u**3/6 + 34*u**2. Is k(-4) a composite number?
False
Let p(f) = -31*f**3 - 3*f**2 + 2*f + 1. Let d be p(-7). Suppose 3*h + d = 6*h. Is h prime?
True
Le